 0, -48 = 5*j - 13*o + 11*o. Let r = j - f. What is the tens digit of r?
4
Suppose 89*l - 9689 = 88*l - 5*v, -3*v = -l + 9657. What is the thousands digit of l?
9
Let c = 34696 - 18749. What is the units digit of c?
7
Let p be 3 - 4 - (278 + 2 - -5). Let f = -108 - p. What is the units digit of f?
8
Suppose 420 = 8*z - 3*z. Suppose 3*c - 3*t + 24 = 0, -3*c = -0*c - 4*t + 23. Let m = z + c. What is the units digit of m?
5
Let o(l) = -146*l - 4. Let s be o(2). Let y = 1342 - s. Suppose -40*x + y = -31*x. What is the units digit of x?
2
Suppose -5*t - 3*r + 73336 = 0, -3*t + 9458 = -3*r - 34558. What is the units digit of t?
9
What is the units digit of 8/14 + 4153600/350?
8
Suppose -29*c + 36*c - 63 = 0. Suppose -c*d + 835 = -947. What is the units digit of d?
8
Let f be (-1)/2 + -4 + (-52)/(-8). Suppose 3 = 5*o + 2*v - 12, 3*v = f*o - 6. Suppose o*p = c + 599, -2*p + 2*c - c = -398. What is the tens digit of p?
0
Suppose -4*m - 2*w = -715 + 55, 5*w + 20 = 0. Suppose 0 = 70*p - 69*p - m. What is the units digit of p?
7
Suppose 98 = 6*u + 44. Suppose -17*v - u*v + 8320 = 0. What is the tens digit of v?
2
Suppose 0 = -g - c + 27 - 3, 4*g = 3*c + 61. Suppose 0 = g*m - 8285 - 11494. What is the thousands digit of m?
1
Let u = 5056 - 3194. Suppose 0 = 4*t - 3*l - 1489, 7*t - 2*t - 3*l = u. What is the hundreds digit of t?
3
What is the units digit of (-9 - (23 - -5596))*-8?
4
Let o(h) = -11*h - 3. Let p be -3 + 4 + 8 + -4. Let u be o(p). Let b = u + 144. What is the units digit of b?
6
Suppose -s + 22 = -13. Let j = -30 + s. Suppose -3*r - 2*r + 321 = 3*x, -j*x + 519 = 3*r. What is the units digit of x?
2
Suppose -2*l + 580 = -l. Suppose -194*v - 30552 = -118*v. Let r = v + l. What is the units digit of r?
8
Suppose -202*t + 298*t = 6217920. What is the thousands digit of t?
4
What is the hundreds digit of 6 - 11 - (1 - 0 - (11867 - -3))?
8
Suppose 14*b - 17*b + 3 = 0. Let c(u) = 2*u**3 - u**2 + 2*u - 1. Let i be c(b). Suppose 3*r - 14 = -2*z, 0 = r + 5*z + i + 2. What is the units digit of r?
6
Suppose -2*j + 90 = 2*z + 2, 2*j - 5*z = 102. Let x = -126 + j. What is the units digit of ((-21)/(-4))/((-15)/x)?
8
Let u(y) = 818*y - 834. What is the thousands digit of u(5)?
3
Let t(c) = -1371*c - 722. What is the hundreds digit of t(-5)?
1
Let t(u) = 76 + 37*u**2 - 82 + 63*u**3 + 120*u - 64*u**3. What is the tens digit of t(39)?
3
Suppose -3*w - 4*r + 181 = 0, 6*w = 2*w + 4*r + 204. Let f(h) = -w*h - 5*h - 6 + 0 + 1. What is the units digit of f(-1)?
5
Suppose -v + f - 77 = -471, 2*v - 788 = 4*f. Let u = 564 - v. What is the hundreds digit of u?
1
Let n(g) be the second derivative of g**5/20 + 23*g**4/12 - 31*g**3/6 - 69*g**2/2 + 93*g. What is the thousands digit of n(-22)?
1
Let r(o) = -5*o + 40. Let p be r(8). Suppose 221 = t - 4*q, -4*q + 615 = 3*t - p*t. What is the hundreds digit of t?
2
Suppose 33*p - 35*p + 4 = 0. Suppose 0 = -p*a + 40 + 252. Suppose -3*i + 4*j + a = 0, -4*i + 224 = -3*j + 5*j. What is the tens digit of i?
5
Let s(f) = 9*f**2 + 353*f - 109. What is the hundreds digit of s(-49)?
2
Suppose 0 = 3*d - 315*s + 319*s - 233331, 4*d = -2*s + 311098. What is the tens digit of d?
7
Suppose 0 = 5*r - 3*l - 21872, -21873 = -4*r - r + 2*l. What is the thousands digit of r?
4
Let m(l) = 46*l - 18*l + 12 - 4 + 2. Let t(s) = -s**3 + 9*s**2 - 13*s - 4. Let a be t(7). What is the units digit of m(a)?
4
Let a(q) = -q. Let z be a(-9). Let w(d) = d**3 - 7*d**2 - 18*d + 10. Let r be w(z). Suppose -11 = -5*t - j, 4*t + 6*j - r = 4*j. What is the units digit of t?
2
Let b = -38 + 43. Let d(m) = m**3 - 6*m**2 - 2*m + 21. Let i be d(b). Let o = i + 90. What is the units digit of o?
6
Let q(h) be the first derivative of h**2/2 - 21*h + 37. Let c be q(29). Suppose 0 = 3*b - c - 328. What is the tens digit of b?
1
Suppose -h = -2*a - 21400, 4*h - 3549 = -4*a + 82099. What is the units digit of h?
8
Let k(t) = 2*t**3 + 24*t**2 - 71*t - 92. What is the ten thousands digit of k(16)?
1
Let j be (-5)/(-3)*-12*12/(-80). Suppose 5*b + 1749 = 3*m, -j*m = -4*b - 0*b - 1752. What is the units digit of m?
8
What is the units digit of 16/40 - (-49)/35*(-21398)/(-7)?
0
Suppose 11*m - 13*m + 2*o = -22, 22 = 2*m - 4*o. Suppose -y = 4*j - 25, 2*j + 3*j = 3*y - 109. Let i = y - m. What is the units digit of i?
2
Suppose 9*s + 3013 = 48391. What is the units digit of s?
2
Suppose l + 676 - 5532 = -2*f, 24292 = 5*l - 2*f. Suppose 17*b - l = 10*b. What is the units digit of b?
4
Suppose -404554 = 208*o - 225*o + 316467. What is the units digit of o?
3
Let u = -63952 - -137920. What is the thousands digit of u?
3
Suppose -14 + 10 = -2*t. Suppose 304 = -t*p + 18*p. Let u(a) = 4*a + 72. What is the hundreds digit of u(p)?
1
Let w(u) = 2*u**2 - u. Let g(p) = -11*p**2 + 56*p + 47. Let n(z) = g(z) + 7*w(z). What is the units digit of n(-35)?
7
Suppose -4*z + 2*l = 460, 9*l = -z + 8*l - 112. What is the tens digit of z/(-1)*(-15 - (-590)/30)?
3
Suppose -4 = -2*p + 24. Let i(j) = -76 + p*j + 135 - 72. What is the units digit of i(8)?
9
Suppose 0 = -280*w + 278*w + 6. Suppose -18*a + w*a + 2415 = 0. What is the units digit of a?
1
Suppose 350282 + 421118 = 50*v. What is the ten thousands digit of v?
1
Let j = 24064 - 6464. What is the ten thousands digit of j?
1
Suppose -y = -3*o + 12, -3*y = -o + 5*o - 16. What is the units digit of o/(-30) - 265364/(-555)?
8
Let q(l) be the first derivative of l**4/4 - 23*l**3/3 - 17*l**2/2 - 50*l - 1. Let b be (230 - 233)/(3/(-4)*1)*6. What is the units digit of q(b)?
8
Suppose 2*z + 1 - 9 = 0. Let k be (-1 - -1)/((-4)/z*1). Suppose 4 = 4*m, 4*f - 3*m - 49 - 340 = k. What is the tens digit of f?
9
Suppose -5*g + 106372 = -x - 15252, -2*g + x + 48652 = 0. What is the tens digit of g?
2
Suppose -11*l + 65 = 2*l. Suppose -1588 = -l*u + 322. Suppose -4*r + u = 2*x, r - 5*x + 0*x = 112. What is the units digit of r?
7
Let g(s) = 4*s - 11. Let p be g(4). Suppose 508 = z - p*t, 4*z - 4*t - 2051 = -3*t. What is the hundreds digit of z?
5
Let x be 3*(1342/(-6) + -1). Let y = x + 1318. What is the hundreds digit of y?
6
Let w(s) = -3*s + 66. Suppose 5*j + 56 = -39. Let r be w(j). Suppose r*k + 1104 = 129*k. What is the tens digit of k?
8
Let y be (1 + 0)/(2/190) - 0. Let h be (-46)/(-14) - 26/91. Suppose -5*g + y = 5*w, -2*w + 35 = 4*g - h*g. What is the tens digit of w?
1
Let w(j) = -3*j**3 + 196*j**2 + 184*j + 25. What is the units digit of w(65)?
0
Let l be ((-2)/(-4))/((145/(-350))/(-29)). Let b = -30 + l. What is the units digit of b?
5
Let i be (-189)/(-45) + 1 + 6/(-5). Suppose -i*u = -3*s - 51, -4*u + 13 = s - 18. What is the units digit of 6/u + (-1266)/(-18)?
1
Suppose -d + 2*d + 9 = 4*y, 5*y - 5*d = 15. Let m be y + (-4 - (-8)/4). Suppose n = -5*j + 2*j + 76, 4*n + j - 282 = m. What is the units digit of n?
0
Let f(u) = -111*u - 78. Let j(i) = 7*i + 5. Suppose -4*g - 124 = 2*c, -5*c - 5*g - 122 = -3*c. Let t(h) = c*j(h) - 4*f(h). What is the tens digit of t(-11)?
8
Let s = 25519 + -17381. What is the thousands digit of s?
8
Let j(b) be the third derivative of 3*b**4/2 + 11*b**3/2 - 100*b**2. What is the units digit of j(5)?
3
Let v(m) = 19*m + 377. Let g be v(27). Let s = 2241 - g. What is the thousands digit of s?
1
Let i = 163 - 312. Let b = 238 + i. Suppose -2*w = -p - b, w - 4*w - 3*p = -156. What is the units digit of w?
7
Suppose 5*z + 29132 - 103082 = -5*h, -5*h = -3*z - 73958. What is the thousands digit of h?
4
Suppose 3*r + 7*b - 11*b = -254, -5*r + 3*b - 405 = 0. Let c = 230 + r. What is the units digit of c?
2
Suppose 134*k - 131*k - 67172 = c, 3*k - 67152 = -3*c. What is the tens digit of k?
8
Suppose 0 = -2*g - 2*g + 212. Let n = -32 + g. What is the tens digit of (n/(-2))/(51/(-340))?
7
Let k(z) = 9*z**2 - 25*z - 833. What is the hundreds digit of k(-22)?
0
Let b(a) = 2*a**2 + a. Let i be b(1). Let r be (8 - i)/((-5)/(-2)). Suppose -8*n = -4*n - 20, -r*n = 2*l - 216. What is the hundreds digit of l?
1
What is the hundreds digit of 1831 - (1 + -2 - 3)?
8
Let a = 28028 + -16715. What is the ten thousands digit of a?
1
Suppose -3*j - y = 10 - 31, 0 = -2*j + y + 9. What is the units digit of (j/(-4))/(-5*(-9)/(-17910))?
7
Let x(w) = 230*w**2 + 7*w + 1. Let z be x(-3). Suppose -10*q + 5*q = -z. Suppose -q = o - 6*o. What is the units d